{"id":241,"date":"2021-05-20T12:32:24","date_gmt":"2021-05-20T10:32:24","guid":{"rendered":"http:\/\/logp.at\/cms\/?page_id=241"},"modified":"2022-05-09T12:50:54","modified_gmt":"2022-05-09T10:50:54","slug":"impressum","status":"publish","type":"page","link":"https:\/\/logp.at\/cms\/impressum\/","title":{"rendered":"Impressum"},"content":{"rendered":"\t\t<div data-elementor-type=\"wp-page\" data-elementor-id=\"241\" class=\"elementor elementor-241\" data-elementor-post-type=\"page\">\n\t\t\t\t\t\t<section class=\"elementor-section elementor-top-section elementor-element elementor-element-45aea67 elementor-section-boxed elementor-section-height-default elementor-section-height-default\" data-id=\"45aea67\" data-element_type=\"section\" data-e-type=\"section\">\n\t\t\t\t\t\t<div class=\"elementor-container elementor-column-gap-default\">\n\t\t\t\t\t<div class=\"elementor-column elementor-col-100 elementor-top-column elementor-element elementor-element-1bdd899\" data-id=\"1bdd899\" data-element_type=\"column\" data-e-type=\"column\">\n\t\t\t<div class=\"elementor-widget-wrap elementor-element-populated\">\n\t\t\t\t\t\t<div class=\"elementor-element elementor-element-07cf678 elementor-widget elementor-widget-heading\" data-id=\"07cf678\" data-element_type=\"widget\" data-e-type=\"widget\" data-widget_type=\"heading.default\">\n\t\t\t\t<div class=\"elementor-widget-container\">\n\t\t\t\t\t<h2 class=\"elementor-heading-title elementor-size-default\">Impressum<\/h2>\t\t\t\t<\/div>\n\t\t\t\t<\/div>\n\t\t\t\t<div class=\"elementor-element elementor-element-6cdc49f elementor-widget elementor-widget-text-editor\" data-id=\"6cdc49f\" data-element_type=\"widget\" data-e-type=\"widget\" data-widget_type=\"text-editor.default\">\n\t\t\t\t<div class=\"elementor-widget-container\">\n\t\t\t\t\t\t\t\t\t<div class=\"page\" title=\"Page 8\"><div class=\"layoutArea\"><div class=\"column\"><p><strong>Verein Sportfliegerclub Pinkafeld<\/strong><br \/>Flugplatz Pinkafeld<br \/>7423 Pinkafeld, Wiener Strasse 65<\/p><ul><li>Tel: +43 3357 42498<br \/>E-Mail: flugplatz@logp.at<\/li><li>Bezirkshauptmannschaft Oberwart ZVR-Zahl: 124854675<\/li><\/ul><p>Verbraucher haben die Mo\u0308glichkeit, Beschwerden an die Online- Streitbelegungsplattform der EU zu richten: http:\/\/ec.europa.eu\/odr.<br \/>Sie ko\u0308nnen allfa\u0308llige Beschwerde auch an die oben angegebene E-Mai-Adresse richten.<\/p><ul><li><strong>Unser Anliegen<\/strong>: F\u00f6rderung und Aus\u00fcbung des Flugsports<\/li><li><strong>Vertretung des Vereins<\/strong>: Michael Karner, Obmann<\/li><li><strong>Vereinszweck<\/strong>: F\u00f6rderung und Aus\u00fcbung des Flugsports, sowie die Verbreitung und F\u00f6rderung des Fluggedankens, beides im Rahmen der durch die \u00f6sterreichischen Gesetze erlaubten Grenzen.<\/li><\/ul><\/div><\/div><\/div>\t\t\t\t\t\t\t\t<\/div>\n\t\t\t\t<\/div>\n\t\t\t\t\t<\/div>\n\t\t<\/div>\n\t\t\t\t\t<\/div>\n\t\t<\/section>\n\t\t\t\t<\/div>\n\t\t","protected":false},"excerpt":{"rendered":"<p>Impressum Verein Sportfliegerclub PinkafeldFlugplatz Pinkafeld7423 Pinkafeld, Wiener Strasse 65 Tel: +43 3357 42498E-Mail: flugplatz@logp.at Bezirkshauptmannschaft Oberwart ZVR-Zahl: 124854675 Verbraucher haben die Mo\u0308glichkeit, Beschwerden an die Online- Streitbelegungsplattform der EU zu richten: http:\/\/ec.europa.eu\/odr.Sie ko\u0308nnen allfa\u0308llige Beschwerde auch an die oben angegebene E-Mai-Adresse richten. Unser Anliegen: F\u00f6rderung und Aus\u00fcbung des Flugsports Vertretung des Vereins: Michael Karner, Obmann [&hellip;]<\/p>\n","protected":false},"author":1,"featured_media":0,"parent":0,"menu_order":0,"comment_status":"closed","ping_status":"closed","template":"","meta":{"footnotes":""},"class_list":["post-241","page","type-page","status-publish","hentry","entry"],"_links":{"self":[{"href":"https:\/\/logp.at\/cms\/wp-json\/wp\/v2\/pages\/241","targetHints":{"allow":["GET"]}}],"collection":[{"href":"https:\/\/logp.at\/cms\/wp-json\/wp\/v2\/pages"}],"about":[{"href":"https:\/\/logp.at\/cms\/wp-json\/wp\/v2\/types\/page"}],"author":[{"embeddable":true,"href":"https:\/\/logp.at\/cms\/wp-json\/wp\/v2\/users\/1"}],"replies":[{"embeddable":true,"href":"https:\/\/logp.at\/cms\/wp-json\/wp\/v2\/comments?post=241"}],"version-history":[{"count":13,"href":"https:\/\/logp.at\/cms\/wp-json\/wp\/v2\/pages\/241\/revisions"}],"predecessor-version":[{"id":1315,"href":"https:\/\/logp.at\/cms\/wp-json\/wp\/v2\/pages\/241\/revisions\/1315"}],"wp:attachment":[{"href":"https:\/\/logp.at\/cms\/wp-json\/wp\/v2\/media?parent=241"}],"curies":[{"name":"wp","href":"https:\/\/api.w.org\/{rel}","templated":true}]}}